 + 8 = o*y, -10 = -5*c + 2*y. Let s = c - -1. Let g(x) = -x**2 + 6*x - 6. Determine g(s).
-1
Let l(g) be the first derivative of -3*g**2 + 2. Suppose -4*s + 29 - 1 = 0. Suppose 0 = 4*z - 3 + s. Give l(z).
6
Let g = 7 - 4. Let j = g - 4. Let t be (j/3)/((-3)/18). Let h(p) = -p + 2. Calculate h(t).
0
Let a(k) = 3*k + 5. Let f = -8 + 3. Let g be 5*-1*3/f. Let i(l) = -l - 1. Let d(o) = g*a(o) + 12*i(o). Calculate d(3).
-6
Let s(n) = n - 12. Let m(w) = -w**3 + 2*w**2 + 3*w + 4. Let o be m(3). Suppose -o*c - 12 = 0, -2*j = j + 5*c. What is s(j)?
-7
Let a(n) = -4*n**2 - 4 + 8 + 2*n + n - n**3. Let s be (1/2)/((-2)/(-4)). Suppose u - s = -5. Calculate a(u).
-8
Suppose 3*v - 6 = -3. Let i(q) = -17*q**2 + 1. Determine i(v).
-16
Let i(g) = -g - 6. Suppose 6 = -p + 4*p + 2*k, 2*k - 6 = 0. Calculate i(p).
-6
Let t(a) = -2*a**2 + 42*a + 3*a**2 - 1 - 41*a. Give t(0).
-1
Let d(n) = 0 - n - 6 + 3*n + 1. Determine d(6).
7
Let j(c) = c**3 - 7*c**2 - 8*c. Let g be j(8). Let p(f) = g*f - 3 - 2*f + 8. Calculate p(6).
-7
Let g = 0 - 4. Let m(d) = d**3 + 3*d**2 - 4*d - 3. Calculate m(g).
-3
Let q(u) = -u**3 + u - 1. Let l(o) = 2*o**3 - o**2 - 2*o + 2. Let d(z) = 3*l(z) + 7*q(z). Calculate d(-3).
-4
Let i(d) be the first derivative of -d**4/4 + d**2/2 + 4. Let v(t) = 2*t**3 - 6*t**2 + 3*t + 1. Let r(p) = i(p) + v(p). Suppose -2*w - 3*w + 25 = 0. Give r(w).
-4
Let k(s) = -5*s + 1. Let n be 72/(-20) + 4/(-10). Let b = -2 - n. Suppose 0*d + 2 = -b*d. Calculate k(d).
6
Let p(q) = 2*q - 6. Let d(n) = -n**2 + 5*n + 2. Let o be d(4). Calculate p(o).
6
Let c be ((-1)/(-2))/((-1)/4). Let v(o) = 5*o - 2. Let q(z) = z - 1. Let x(d) = -3*q(d) + v(d). What is x(c)?
-3
Let n = 10 - 8. Suppose n*g = g - 4. Let q(y) = -y**2 - 7*y - 4. What is q(g)?
8
Let p = -3 - 4. Let u = -17 - p. Let g = u - -7. Let w(o) = -o**2 + o + 2. Calculate w(g).
-10
Let u(h) = h**3 - 2*h**2 - 4*h - 3. Let b(l) = -2*l - 16. Let o be b(-12). Suppose 0*g = 4*g + o. What is u(g)?
-11
Let j be 3 - ((-3)/3 + -1). Suppose 12 = j*m - 3. Suppose -3*p + 24 = 4*a, m*p = -5*a + 5*p + 30. Let b(u) = u**3 - 7*u**2 + 7*u - 3. What is b(a)?
3
Let r(h) = 5 - h - 5 + 9. Let l be (-4)/(-2) + 1 + 3. What is r(l)?
3
Let f(a) = -7*a**2 - 2*a + 10. Let q(z) = 6*z**2 + 3*z - 10. Let p(d) = 5*f(d) + 6*q(d). Determine p(-7).
-17
Let s = -4 + 0. Let t(p) be the third derivative of p**5/60 + 7*p**4/24 + p**3 + p**2. Determine t(s).
-6
Let w(s) = -3*s**2 + s - 1. Let k(o) = -5*o**2 + 3*o - 2. Let p(x) = 4*k(x) - 7*w(x). What is p(-6)?
5
Let t(b) = -2*b**2 - 9*b - 2. Let d = -4 - 2. Calculate t(d).
-20
Let h(r) = r**2 + 2*r - 4. Let z(d) = 13*d**2 - 2. Let m be z(-2). Suppose 4*j + 0*x = 3*x + 67, -m = -2*j - 4*x. Suppose 0 = 5*l + j + 1. Calculate h(l).
4
Let m(w) be the first derivative of -w**4/12 + 2*w**3/3 + w**2/2 + 4*w - 4. Let y(l) be the first derivative of m(l). Give y(5).
-4
Let j be (-6)/(-4) - 35/10. Let r(k) = -3*k**3 + 6*k**2 - k + 3. Let x(m) = 2*m**3 - 3*m**2 + m - 2. Let q(w) = -3*r(w) - 5*x(w). Determine q(j).
1
Let n(r) = r - 6. Let b(l) = -15*l + 1. Let f(g) = 7*g - 1. Let z(i) = -6*b(i) - 13*f(i). Let t(c) = -7*n(c) - 6*z(c). Give t(-2).
2
Suppose 5*f + 0 = 5. Let d be 0 - (f - 3) - -3. Let y(g) be the first derivative of g**3/3 - 3*g**2 + 7*g + 1. Determine y(d).
2
Let n(p) = p + 2. Suppose 3*y + 0*y = 0. Suppose o = -y*o + 3. Give n(o).
5
Suppose 8 = -2*y, 8 = 2*m + 4*y - 3*y. Let w = -7 + m. Let r(x) be the third derivative of -x**5/12 + x**4/24 + x**2. Calculate r(w).
-6
Let n = 53 - 32. Suppose 2*t - n = -5*o + 94, 3*t - 85 = -4*o. Suppose 2*c + o = -3*c. Let r(h) = h**2 + 5*h + 6. Give r(c).
6
Let m = -19 + 13. Let n(c) = c**3 + 6*c**2 + c + 6. Give n(m).
0
Let x(u) = -6*u**2 + u. Let t = 8 - 3. Let p(z) = z**2 - z - 1. Let r(i) = -10*i**2 + 6*i + 5. Let q(g) = t*p(g) + r(g). Let a(o) = 5*q(o) - 4*x(o). Give a(-1).
-2
Let a(n) = -n**3 - 7*n**2 + 7*n - 7. Suppose d - 40 = 6*d. Let v be a(d). Suppose -11 - v = 3*u. Let z(m) = m**2 + 4*m - 3. What is z(u)?
-3
Let b(x) = 5*x - 1. Let u(o) = -o**3 - 6*o**2 + 8*o + 9. Let z be u(-7). Let p(g) = 2*g - 2*g + g**z. Let k be p(1). What is b(k)?
4
Let u(p) be the second derivative of 7*p**3/6 - p**2 - 4*p - 1. Determine u(-2).
-16
Let h(u) be the second derivative of -7*u**4/12 + u**3/6 + u**2/2 - 17*u. Calculate h(-1).
-7
Let j(o) be the second derivative of o**5/60 - o**4/4 - 5*o**3/3 + o**2/2 - 5*o. Let w(q) be the first derivative of j(q). Determine w(8).
6
Let g(r) = -r**3 - 2*r**2 + 4*r - 5. Let u be g(-4). Suppose -4*o - 9 = u. Let f(v) = -2*v + v - 4 - 1. What is f(o)?
0
Let y(s) be the first derivative of -s**2/2 - 2*s - 1. Give y(0).
-2
Let m(i) be the first derivative of 2*i**3/3 + 2*i**2 + 2*i - 17. What is m(-3)?
8
Let u(t) = t**3 + t**2 - 1. Let l(b) = -2*b**3 - 6*b**2 - 6*b + 5. Let c(f) = -l(f) - 3*u(f). Let m(h) = -h + 19. Let o be m(15). What is c(o)?
6
Let s(w) = -4*w + 4*w + 3 - 2*w. Let y = 2 + -6. Give s(y).
11
Let r = 8 - 3. Suppose -3*g = -2*g + r. Let b(x) = 5 + x - 3 - 3. Give b(g).
-6
Let g(f) = -f**3 + 6*f**2 - 6*f. Let x be 2/((-14)/(-44) + (-2)/(-11)). Determine g(x).
8
Let c = -8 + 6. Let t(a) be the third derivative of -1/24*a**4 + 0*a + 0*a**3 - 7*a**2 + 0 + 1/120*a**6 - 1/60*a**5. What is t(c)?
-10
Suppose 0 = -6*x + 3*x - 3. Let v(q) = -6*q**3 + q. Give v(x).
5
Let o(g) = -2*g**2 + g. Let u be o(-1). Suppose -v = -5*h - 24, -5*v + 115 = 4*h - 121. Let f(p) = 3*p**2 + v*p + p**3 - 41*p + 1 + 2*p**2. What is f(u)?
10
Let r(h) be the first derivative of 2*h**2 + h + 2. Suppose 2 + 2 = z. Suppose 4*y = 2*i + 6, -z*y + i = 5*i + 24. Give r(y).
-3
Let v(o) = 8*o + o + 11*o - 21*o - 1. Give v(7).
-8
Let i(w) = 5*w**2 - 20*w - 27. Let r(z) = -2*z**2 + 10*z + 13. Let d(h) = -3*i(h) - 7*r(h). Give d(-8).
6
Let z(h) = h - 8. Suppose 10 = 5*x + 60. Let g = -4 - x. Give z(g).
-2
Let p(t) = -t + 6*t**2 - 26*t**3 - 3*t + 0*t**2 + 25*t**3 - 5. Determine p(5).
0
Let m(j) = -j**3 + j + 1. Let b(l) = -3*l**3 - 4*l**2 - 2. Let t(i) = b(i) - 2*m(i). Give t(-3).
-7
Let m(b) be the first derivative of -b**4/4 - b**3/3 + b**2/2 + 5*b - 5. Determine m(0).
5
Let f(v) = v**3 - 5*v**2 + 7*v - 6. Let y(g) = g**2 - 8*g + 3. Let d be y(8). Suppose 0*i + 3*x - 27 = -3*i, x - 17 = -d*i. What is f(i)?
6
Let x(y) = -y + 2. Suppose 5*v - 7 - 8 = 0. What is x(v)?
-1
Suppose -4*o = -9 - 11. Let c(w) = -30 + 4*w - 3*w - 3*w + 32. What is c(o)?
-8
Suppose 32 = -m - 3*m. Suppose 0 = s + 3 + 6. Let n = s - m. Let z(u) = u**3 - u**2. Give z(n).
-2
Let j(t) = t**3 - 3*t**2 + 2. Suppose 0 = -2*c - 0*c + 6. What is j(c)?
2
Let f = 16 - 29. Let t = f - -7. Let r(u) = -u**3 - 6*u**2 - 2*u - 5. Calculate r(t).
7
Let b(s) = -7*s**3 - 6*s**2 + 5. Let o(x) = x**3 - x**2. Let h(n) = b(n) + 6*o(n). Let d be h(-12). Let t(f) = -2*f + 5. Determine t(d).
-5
Let v(h) = 2 + 291*h - 3 - 293*h. Determine v(-4).
7
Let x(u) be the third derivative of u**5/30 - u**4/6 + u**3/2 - 34*u**2. Determine x(2).
3
Let g(q) be the first derivative of q**4/4 + 2*q**3 + q**2/2 + 2*q - 11. What is g(-6)?
-4
Let h(w) be the second derivative of -5*w**3/6 + w**2/2 + w. Give h(-2).
11
Let t(n) = 35 - 11*n - 9*n**2 + 0*n**3 - 76 + 36 - n**3. Determine t(-8).
19
Let g be -3*(-2 - -3)*-1. Let m(o) = g*o**2 + 9*o + 5 - 10*o - 4. Give m(1).
3
Let w(r) be the third derivative of 4*r**2 + 7/24*r**4 + 0*r**3 + 0*r + 0. Calculate w(1).
7
Let w(f) be the first derivative of f**2 - 3*f + 41. Calculate w(5).
7
Let x(r) = r + 9. Let q(u) = u - 1. Let w(b) = -2*q(b) - x(b). Let f(i) = 2*i + 4. Let a = 6 + -3. Let v(y) = a*w(y) + 5*f(y). What is v(-5)?
-6
Let q = -36 - -33. Let l(c) = 2*c**2 + 3*c - 3. Calculate l(q).
6
Let g(v) = -4*v**3 - 9*v**2 - 5*v + 6. Let i(u) = u**3 + u**2 + u - 1. Let l(c) = -g(c) - 3*i(c). Calculate l(-6).
-15
Let m(k) be the first derivative of 3*k**2/2 + 2*k + 43. Calculate m(-6).
-16
Let f(a) = 18*a**2 - 12*a - 3. Let w(y) = 9*y**2 - 7*y - 2. Let r(v) = 3*f(v) - 5*w(v). Calculate r(1).
9
Let d(o) = -o + 1 - o**2 - 3*o - o**3 + 4*o. Determine d(1).
-1
Let o = 17 - 17. Let j(w) = o - 4 - w + 2*w. Give j(4).
0
Suppose -3*o - 16 = -7*o. Let s = o - 1. Let h(c) = 10*c**2 - 8*c + 19. Let f(b) = 3*b**2 - 3*b + 6. Let k(g) = -7*f(g) + 2*h(g). What is k(s)?
2
Let t(p) = -p + 3. Suppose r - 4 = 2. Deter